780 and 20?
20
What is the greatest common divisor of 1813 and 588781?
37
What is the greatest common divisor of 83235 and 1044644?
179
What is the highest common divisor of 553 and 20031872?
553
What is the greatest common divisor of 2520777 and 9384?
1173
Calculate the greatest common divisor of 39375931 and 1229.
1229
What is the greatest common factor of 65190 and 95735?
205
Calculate the greatest common divisor of 207885384 and 456.
456
Calculate the greatest common factor of 139 and 16780914.
139
What is the highest common divisor of 3457352149 and 5569?
5569
What is the highest common divisor of 1568 and 152788?
4
What is the greatest common factor of 2067 and 5039929?
53
Calculate the greatest common divisor of 23650 and 1042162.
22
What is the highest common factor of 4363 and 24841?
1
What is the highest common divisor of 80130396 and 2286?
762
What is the highest common factor of 990 and 3503170?
110
What is the greatest common factor of 82751 and 60817?
997
Calculate the greatest common divisor of 4761 and 1326111.
69
Calculate the greatest common divisor of 429128 and 1905638.
1106
Calculate the highest common divisor of 376 and 914839960.
376
What is the highest common divisor of 2383745 and 2006165?
1085
What is the highest common divisor of 1421 and 332717?
203
What is the greatest common factor of 4117970 and 22466?
478
What is the highest common factor of 53 and 80586659?
53
What is the greatest common divisor of 81 and 1278675?
9
Calculate the greatest common factor of 345 and 1028560.
115
What is the greatest common factor of 1310 and 101770?
10
Calculate the greatest common factor of 4346379 and 648.
81
What is the highest common factor of 606 and 282622947?
303
What is the greatest common factor of 105077616 and 5796?
1932
What is the highest common divisor of 19719 and 3969?
63
Calculate the highest common divisor of 43384872 and 48.
24
What is the greatest common divisor of 1553307 and 2142?
357
Calculate the greatest common factor of 1068 and 78009212.
356
Calculate the greatest common divisor of 823522 and 472.
118
Calculate the greatest common factor of 20 and 347372.
4
What is the greatest common divisor of 17323740 and 525?
105
Calculate the greatest common factor of 649 and 2743466.
11
What is the greatest common divisor of 47835 and 129375?
45
What is the greatest common factor of 8 and 2424988?
4
What is the highest common factor of 9153 and 783189?
81
What is the highest common divisor of 1201760 and 20300?
4060
Calculate the highest common factor of 72256415 and 11.
11
Calculate the highest common factor of 100143909 and 621.
207
Calculate the greatest common factor of 812 and 652645.
203
Calculate the greatest common factor of 1161546 and 6645.
1329
What is the greatest common factor of 22253 and 254177?
77
What is the highest common divisor of 900 and 1324011600?
900
Calculate the highest common divisor of 20104 and 5736.
8
What is the greatest common factor of 39816199 and 181?
181
What is the greatest common divisor of 1672174343 and 3826?
1913
What is the highest common divisor of 969138 and 10218?
786
Calculate the highest common divisor of 293 and 37429578.
293
What is the highest common factor of 105997879 and 13?
13
What is the highest common divisor of 34232 and 159511784?
3112
Calculate the highest common divisor of 276 and 118412340.
12
What is the highest common divisor of 12426844 and 4036?
4036
Calculate the greatest common factor of 1836840 and 80880.
120
What is the greatest common divisor of 2284 and 4043822?
1142
What is the greatest common divisor of 15 and 72492630?
15
Calculate the greatest common divisor of 3767904 and 214312.
4984
What is the highest common factor of 743 and 30367896?
743
Calculate the greatest common factor of 857175 and 363.
33
What is the highest common divisor of 547439956 and 392?
196
What is the greatest common divisor of 290505437 and 1259?
1259
What is the highest common factor of 38592 and 6030?
1206
What is the greatest common divisor of 38311864 and 2936?
2936
What is the greatest common divisor of 164962 and 14?
14
Calculate the greatest common factor of 1671471 and 127782.
2061
What is the highest common factor of 509521155 and 23925?
4785
Calculate the greatest common factor of 1168238 and 2146.
74
What is the highest common factor of 14281358 and 3668?
1834
Calculate the greatest common divisor of 156 and 25123536.
12
What is the highest common divisor of 6370912 and 119402?
526
Calculate the greatest common divisor of 1023086 and 13754.
1058
What is the greatest common divisor of 692 and 204062669?
173
What is the greatest common divisor of 168 and 15265131?
21
Calculate the highest common divisor of 1716 and 11449108.
44
What is the greatest common factor of 2313 and 310536?
9
Calculate the greatest common divisor of 169635 and 19995.
645
Calculate the greatest common divisor of 23 and 9605186.
1
Calculate the highest common factor of 55706156 and 1720.
172
What is the highest common divisor of 2124 and 2084057?
59
What is the highest common divisor of 153178 and 28495?
139
Calculate the highest common factor of 240348142 and 2.
2
Calculate the greatest common factor of 4089693 and 2049321.
8949
Calculate the highest common divisor of 432335 and 10.
5
What is the highest common divisor of 27928 and 13320?
8
What is the highest common factor of 352831023 and 1044?
261
What is the greatest common factor of 16203152 and 48?
16
What is the highest common divisor of 22268 and 8493484?
1172
What is the greatest common factor of 13121113 and 19807?
683
What is the greatest common factor of 10 and 4594715?
5
What is the highest common divisor of 124 and 39283324?
124
Calculate the greatest common divisor of 2258205195 and 15.
15
What is the greatest common divisor of 426 and 1444128?
6
Calculate the greatest common divisor of 24948 and 14446269.
81
What is the highest common factor of 1348240 and 4940?
380
What is the highest common factor of 405 and 17970255?
405
What is the greatest common factor of 35565 and 2535?
15
Calculate the highest common factor of 72039 and 17510361.
1221
What is the highest common divisor of 30 and 630970815?
15
Calculate the greatest common factor of 4310363 and 20296.
2537
Calculate the highest common divisor of 788 and 41582169.
197
Calculate the highest common divisor of 5904792 and 108.
108
Calculate the highest common divisor of 16599 and 4220170.
503
What is the highest common factor of 32070840 and 8?
8
Calculate the greatest common factor of 350 and 1133450.
50
What is the highest common factor of 8 and 8207908?
4
What is the greatest common factor of 106 and 25535453?
53
What is the highest common factor of 17 and 19949313?
17
Calculate the highest common factor of 2032 and 30046168.
1016
Calculate the greatest common divisor of 3925080 and 1500.
60
Calculate the highest common factor of 1703 and 30563.
13
Calculate the greatest common divisor of 638482680 and 1386.
198
What is the highest common divisor of 12667 and 2767859?
239
Calculate the greatest common factor of 2860 and 2164170580.
2860
What is the greatest common divisor of 141013151 and 365?
73
Calculate the greatest common divisor of 14490 and 19637170.
1610
Calculate the greatest common factor of 1542446 and 671.
61
Calculate the greatest common divisor of 121361279 and 13.
13
Calculate the greatest common factor of 5359270 and 560.
70
Calculate the highest common divisor of 30 and 13375371.
3
What is the highest common divisor of 261392 and 184?
8
Calculate the highest common factor of 8505 and 800205.
105
Calculate the highest common divisor of 1141539 and 1995.
399
What is the highest common divisor of 10808 and 21?
7
Calculate the greatest common divisor of 1675 and 26602300.
25
What is the greatest common factor of 9494692 and 46534?
878
What is the greatest common factor of 68476 and 818444?
76
Calculate the greatest common factor of 26862 and 1572241.
407
What is the greatest common divisor of 1692 and 37956636?
1692
Calculate the greatest common divisor of 7938743 and 2.
1
Calculate the highest common divisor of 475645 and 38905.
1255
What is the greatest common factor of 727 and 25072049?
727
What is the greatest common factor of 62399 and 165025?